{"id":442,"date":"2023-01-18T08:46:05","date_gmt":"2023-01-18T08:46:05","guid":{"rendered":"https:\/\/glasmuseum.pixeltypen.de\/?post_type=exhibition&#038;p=442"},"modified":"2023-04-05T14:50:04","modified_gmt":"2023-04-05T14:50:04","slug":"vladimir-klein-jiri-suchy","status":"publish","type":"exhibition","link":"https:\/\/glasmuseum-frauenau.de\/cz\/ausstellungen\/vladimir-klein-jiri-suchy\/","title":{"rendered":"Skl\u00e1rna"},"featured_media":443,"template":"","class_list":["post-442","exhibition","type-exhibition","status-publish","has-post-thumbnail","hentry","entry","has-media"],"acf":{"start-date":"20221025","end-date":"20230415","location":"Im gro\u00dfen Saal","title":"Evropsk\u00e9 sklo \u017eije v \u0159emesle, um\u011bn\u00ed a pr\u016fmyslu","content":"Putovn\u00ed v\u00fdstava se zab\u00fdv\u00e1 skl\u00e1\u0159sk\u00fdmi krajinami Evropy a jejich p\u0159eshrani\u010dn\u00edmi vztahy v minulosti i sou\u010dasnosti. P\u0159edstaveno je p\u011bt evropsk\u00fdch skl\u00e1\u0159sk\u00fdch region\u016f: v\u00fdchodn\u00ed Bavorsko, \u010cesk\u00e1 republika, Alsasko-Lotrinsko, \u0160t\u00fdrsko a D\u00e1nsko. Krom\u011b toho jsou p\u0159edstaveny sou\u010dasn\u00e9 pr\u00e1ce mlad\u00fdch skl\u00e1\u0159\u016f v oblasti designu a um\u011bn\u00ed.","images":"","artist":""},"yoast_head":"<!-- This site is optimized with the Yoast SEO plugin v27.5 - https:\/\/yoast.com\/product\/yoast-seo-wordpress\/ -->\n<title>Glass Works - Glasmuseum Frauenau<\/title>\n<meta name=\"robots\" content=\"index, follow, max-snippet:-1, max-image-preview:large, max-video-preview:-1\" \/>\n<link rel=\"canonical\" href=\"https:\/\/glasmuseum-frauenau.de\/cz\/ausstellungen\/vladimir-klein-jiri-suchy\/\" \/>\n<meta property=\"og:locale\" content=\"cs_CZ\" \/>\n<meta property=\"og:type\" content=\"article\" \/>\n<meta property=\"og:title\" content=\"Glass Works - Glasmuseum Frauenau\" \/>\n<meta property=\"og:url\" content=\"https:\/\/glasmuseum-frauenau.de\/cz\/ausstellungen\/vladimir-klein-jiri-suchy\/\" \/>\n<meta property=\"og:site_name\" content=\"Glasmuseum Frauenau\" \/>\n<meta property=\"article:publisher\" content=\"https:\/\/www.facebook.com\/people\/Glasmuseum-Frauenau-Staatliches-Museum-zur-Geschichte-der-Glaskultur\/100057480098957\/\" \/>\n<meta property=\"article:modified_time\" content=\"2023-04-05T14:50:04+00:00\" \/>\n<meta property=\"og:image\" content=\"https:\/\/glasmuseum-frauenau.de\/wp-content\/uploads\/2023\/01\/Glass-works-17_Foto-Dieter-Ertel.jpg\" \/>\n\t<meta property=\"og:image:width\" content=\"952\" \/>\n\t<meta property=\"og:image:height\" content=\"725\" \/>\n\t<meta property=\"og:image:type\" content=\"image\/jpeg\" \/>\n<meta name=\"twitter:card\" content=\"summary_large_image\" \/>\n<script type=\"application\/ld+json\" class=\"yoast-schema-graph\">{\"@context\":\"https:\\\/\\\/schema.org\",\"@graph\":[{\"@type\":\"WebPage\",\"@id\":\"https:\\\/\\\/glasmuseum-frauenau.de\\\/ausstellungen\\\/vladimir-klein-jiri-suchy\\\/\",\"url\":\"https:\\\/\\\/glasmuseum-frauenau.de\\\/ausstellungen\\\/vladimir-klein-jiri-suchy\\\/\",\"name\":\"Glass Works - Glasmuseum Frauenau\",\"isPartOf\":{\"@id\":\"https:\\\/\\\/glasmuseum-frauenau.de\\\/#website\"},\"primaryImageOfPage\":{\"@id\":\"https:\\\/\\\/glasmuseum-frauenau.de\\\/ausstellungen\\\/vladimir-klein-jiri-suchy\\\/#primaryimage\"},\"image\":{\"@id\":\"https:\\\/\\\/glasmuseum-frauenau.de\\\/ausstellungen\\\/vladimir-klein-jiri-suchy\\\/#primaryimage\"},\"thumbnailUrl\":\"https:\\\/\\\/glasmuseum-frauenau.de\\\/wp-content\\\/uploads\\\/2023\\\/01\\\/Glass-works-17_Foto-Dieter-Ertel.jpg\",\"datePublished\":\"2023-01-18T08:46:05+00:00\",\"dateModified\":\"2023-04-05T14:50:04+00:00\",\"breadcrumb\":{\"@id\":\"https:\\\/\\\/glasmuseum-frauenau.de\\\/ausstellungen\\\/vladimir-klein-jiri-suchy\\\/#breadcrumb\"},\"inLanguage\":\"cs\",\"potentialAction\":[{\"@type\":\"ReadAction\",\"target\":[\"https:\\\/\\\/glasmuseum-frauenau.de\\\/ausstellungen\\\/vladimir-klein-jiri-suchy\\\/\"]}]},{\"@type\":\"ImageObject\",\"inLanguage\":\"cs\",\"@id\":\"https:\\\/\\\/glasmuseum-frauenau.de\\\/ausstellungen\\\/vladimir-klein-jiri-suchy\\\/#primaryimage\",\"url\":\"https:\\\/\\\/glasmuseum-frauenau.de\\\/wp-content\\\/uploads\\\/2023\\\/01\\\/Glass-works-17_Foto-Dieter-Ertel.jpg\",\"contentUrl\":\"https:\\\/\\\/glasmuseum-frauenau.de\\\/wp-content\\\/uploads\\\/2023\\\/01\\\/Glass-works-17_Foto-Dieter-Ertel.jpg\",\"width\":952,\"height\":725},{\"@type\":\"BreadcrumbList\",\"@id\":\"https:\\\/\\\/glasmuseum-frauenau.de\\\/ausstellungen\\\/vladimir-klein-jiri-suchy\\\/#breadcrumb\",\"itemListElement\":[{\"@type\":\"ListItem\",\"position\":1,\"name\":\"Startseite\",\"item\":\"https:\\\/\\\/glasmuseum-frauenau.de\\\/\"},{\"@type\":\"ListItem\",\"position\":2,\"name\":\"Ausstellungen\",\"item\":\"https:\\\/\\\/glasmuseum-frauenau.de\\\/ausstellungen\\\/\"},{\"@type\":\"ListItem\",\"position\":3,\"name\":\"Glass Works\"}]},{\"@type\":\"WebSite\",\"@id\":\"https:\\\/\\\/glasmuseum-frauenau.de\\\/#website\",\"url\":\"https:\\\/\\\/glasmuseum-frauenau.de\\\/\",\"name\":\"Glasmuseum Frauenau\",\"description\":\"Entdecke - Erkunde - Erschaffe\",\"publisher\":{\"@id\":\"https:\\\/\\\/glasmuseum-frauenau.de\\\/#organization\"},\"potentialAction\":[{\"@type\":\"SearchAction\",\"target\":{\"@type\":\"EntryPoint\",\"urlTemplate\":\"https:\\\/\\\/glasmuseum-frauenau.de\\\/?s={search_term_string}\"},\"query-input\":{\"@type\":\"PropertyValueSpecification\",\"valueRequired\":true,\"valueName\":\"search_term_string\"}}],\"inLanguage\":\"cs\"},{\"@type\":\"Organization\",\"@id\":\"https:\\\/\\\/glasmuseum-frauenau.de\\\/#organization\",\"name\":\"Glasmuseum Frauenau\",\"url\":\"https:\\\/\\\/glasmuseum-frauenau.de\\\/\",\"logo\":{\"@type\":\"ImageObject\",\"inLanguage\":\"cs\",\"@id\":\"https:\\\/\\\/glasmuseum-frauenau.de\\\/#\\\/schema\\\/logo\\\/image\\\/\",\"url\":\"https:\\\/\\\/glasmuseum-frauenau.de\\\/wp-content\\\/uploads\\\/2022\\\/08\\\/glasmuseum-logo.svg\",\"contentUrl\":\"https:\\\/\\\/glasmuseum-frauenau.de\\\/wp-content\\\/uploads\\\/2022\\\/08\\\/glasmuseum-logo.svg\",\"width\":171,\"height\":91,\"caption\":\"Glasmuseum Frauenau\"},\"image\":{\"@id\":\"https:\\\/\\\/glasmuseum-frauenau.de\\\/#\\\/schema\\\/logo\\\/image\\\/\"},\"sameAs\":[\"https:\\\/\\\/www.facebook.com\\\/people\\\/Glasmuseum-Frauenau-Staatliches-Museum-zur-Geschichte-der-Glaskultur\\\/100057480098957\\\/\",\"https:\\\/\\\/www.instagram.com\\\/glasmuseum.frauenau\\\/?hl=de\"]}]}<\/script>\n<!-- \/ Yoast SEO plugin. -->","yoast_head_json":{"title":"Skl\u00e1\u0159sk\u00e9 hut\u011b - Muzeum skla Frauenau","robots":{"index":"index","follow":"follow","max-snippet":"max-snippet:-1","max-image-preview":"max-image-preview:large","max-video-preview":"max-video-preview:-1"},"canonical":"https:\/\/glasmuseum-frauenau.de\/cz\/ausstellungen\/vladimir-klein-jiri-suchy\/","og_locale":"cs_CZ","og_type":"article","og_title":"Glass Works - Glasmuseum Frauenau","og_url":"https:\/\/glasmuseum-frauenau.de\/cz\/ausstellungen\/vladimir-klein-jiri-suchy\/","og_site_name":"Glasmuseum Frauenau","article_publisher":"https:\/\/www.facebook.com\/people\/Glasmuseum-Frauenau-Staatliches-Museum-zur-Geschichte-der-Glaskultur\/100057480098957\/","article_modified_time":"2023-04-05T14:50:04+00:00","og_image":[{"width":952,"height":725,"url":"https:\/\/glasmuseum-frauenau.de\/wp-content\/uploads\/2023\/01\/Glass-works-17_Foto-Dieter-Ertel.jpg","type":"image\/jpeg"}],"twitter_card":"summary_large_image","schema":{"@context":"https:\/\/schema.org","@graph":[{"@type":"WebPage","@id":"https:\/\/glasmuseum-frauenau.de\/ausstellungen\/vladimir-klein-jiri-suchy\/","url":"https:\/\/glasmuseum-frauenau.de\/ausstellungen\/vladimir-klein-jiri-suchy\/","name":"Skl\u00e1\u0159sk\u00e9 hut\u011b - Muzeum skla Frauenau","isPartOf":{"@id":"https:\/\/glasmuseum-frauenau.de\/#website"},"primaryImageOfPage":{"@id":"https:\/\/glasmuseum-frauenau.de\/ausstellungen\/vladimir-klein-jiri-suchy\/#primaryimage"},"image":{"@id":"https:\/\/glasmuseum-frauenau.de\/ausstellungen\/vladimir-klein-jiri-suchy\/#primaryimage"},"thumbnailUrl":"https:\/\/glasmuseum-frauenau.de\/wp-content\/uploads\/2023\/01\/Glass-works-17_Foto-Dieter-Ertel.jpg","datePublished":"2023-01-18T08:46:05+00:00","dateModified":"2023-04-05T14:50:04+00:00","breadcrumb":{"@id":"https:\/\/glasmuseum-frauenau.de\/ausstellungen\/vladimir-klein-jiri-suchy\/#breadcrumb"},"inLanguage":"cs","potentialAction":[{"@type":"ReadAction","target":["https:\/\/glasmuseum-frauenau.de\/ausstellungen\/vladimir-klein-jiri-suchy\/"]}]},{"@type":"ImageObject","inLanguage":"cs","@id":"https:\/\/glasmuseum-frauenau.de\/ausstellungen\/vladimir-klein-jiri-suchy\/#primaryimage","url":"https:\/\/glasmuseum-frauenau.de\/wp-content\/uploads\/2023\/01\/Glass-works-17_Foto-Dieter-Ertel.jpg","contentUrl":"https:\/\/glasmuseum-frauenau.de\/wp-content\/uploads\/2023\/01\/Glass-works-17_Foto-Dieter-Ertel.jpg","width":952,"height":725},{"@type":"BreadcrumbList","@id":"https:\/\/glasmuseum-frauenau.de\/ausstellungen\/vladimir-klein-jiri-suchy\/#breadcrumb","itemListElement":[{"@type":"ListItem","position":1,"name":"Startseite","item":"https:\/\/glasmuseum-frauenau.de\/"},{"@type":"ListItem","position":2,"name":"Ausstellungen","item":"https:\/\/glasmuseum-frauenau.de\/ausstellungen\/"},{"@type":"ListItem","position":3,"name":"Glass Works"}]},{"@type":"WebSite","@id":"https:\/\/glasmuseum-frauenau.de\/#website","url":"https:\/\/glasmuseum-frauenau.de\/","name":"Muzeum skla Frauenau","description":"Objevovat - zkoumat - tvo\u0159it","publisher":{"@id":"https:\/\/glasmuseum-frauenau.de\/#organization"},"potentialAction":[{"@type":"SearchAction","target":{"@type":"EntryPoint","urlTemplate":"https:\/\/glasmuseum-frauenau.de\/?s={search_term_string}"},"query-input":{"@type":"PropertyValueSpecification","valueRequired":true,"valueName":"search_term_string"}}],"inLanguage":"cs"},{"@type":"Organization","@id":"https:\/\/glasmuseum-frauenau.de\/#organization","name":"Muzeum skla Frauenau","url":"https:\/\/glasmuseum-frauenau.de\/","logo":{"@type":"ImageObject","inLanguage":"cs","@id":"https:\/\/glasmuseum-frauenau.de\/#\/schema\/logo\/image\/","url":"https:\/\/glasmuseum-frauenau.de\/wp-content\/uploads\/2022\/08\/glasmuseum-logo.svg","contentUrl":"https:\/\/glasmuseum-frauenau.de\/wp-content\/uploads\/2022\/08\/glasmuseum-logo.svg","width":171,"height":91,"caption":"Glasmuseum Frauenau"},"image":{"@id":"https:\/\/glasmuseum-frauenau.de\/#\/schema\/logo\/image\/"},"sameAs":["https:\/\/www.facebook.com\/people\/Glasmuseum-Frauenau-Staatliches-Museum-zur-Geschichte-der-Glaskultur\/100057480098957\/","https:\/\/www.instagram.com\/glasmuseum.frauenau\/?hl=de"]}]}},"_links":{"self":[{"href":"https:\/\/glasmuseum-frauenau.de\/cz\/wp-json\/wp\/v2\/exhibition\/442","targetHints":{"allow":["GET"]}}],"collection":[{"href":"https:\/\/glasmuseum-frauenau.de\/cz\/wp-json\/wp\/v2\/exhibition"}],"about":[{"href":"https:\/\/glasmuseum-frauenau.de\/cz\/wp-json\/wp\/v2\/types\/exhibition"}],"wp:featuredmedia":[{"embeddable":true,"href":"https:\/\/glasmuseum-frauenau.de\/cz\/wp-json\/wp\/v2\/media\/443"}],"wp:attachment":[{"href":"https:\/\/glasmuseum-frauenau.de\/cz\/wp-json\/wp\/v2\/media?parent=442"}],"curies":[{"name":"wp","href":"https:\/\/api.w.org\/{rel}","templated":true}]}}

Sklárna

Im großen Saal

Evropské sklo žije v řemesle, umění a průmyslu

Putovní výstava se zabývá sklářskými krajinami Evropy a jejich přeshraničními vztahy v minulosti i současnosti. Představeno je pět evropských sklářských regionů: východní Bavorsko, Česká republika, Alsasko-Lotrinsko, Štýrsko a Dánsko. Kromě toho jsou představeny současné práce mladých sklářů v oblasti designu a umění.

Sklářské hutě - Muzeum skla Frauenau

Objevovat - zkoumat - tvořit
